+ 4 = 0. Suppose n*i = -364 + 4. Let t = -83 - i. What is the remainder when t is divided by 25?
22
Let n = 78 - 44. Let r = -12 + n. Calculate the remainder when 73 is divided by -1 + 1 + 3 + r.
23
Let m be -1*(-6)/(-18)*21. Let a(p) = p**2 - p + 58. Calculate the remainder when a(m) is divided by 23.
22
Suppose -28 = -0*m - 4*m. Calculate the remainder when 3 + 0 - 5/(5/(-14)) is divided by m.
3
Let j = -18 + 21. Suppose -j*n - 3*a + 45 = 0, -85 = -5*n + 3*a + 2*a. What is the remainder when 28 is divided by n?
12
Suppose -2*u = -4*m - 20, m + 0 = 3*u - 10. Let q be (-3)/u*(-24)/36. Calculate the remainder when 21 is divided by ((1 - 1) + q)*6.
3
Let f(t) = 2*t**3 - 24*t**2 - 3*t + 46. What is the remainder when ((-2)/(-4))/(2/68) is divided by f(12)?
7
Suppose -21*c + 11 = -19*c + d, 5*c - 50 = 5*d. What is the remainder when c is divided by 2?
1
Suppose 0 = 4*p - 5*k - 237, p + 4*p + 5*k - 330 = 0. Suppose 2*c - 8 + 0 = 0. Calculate the remainder when p is divided by c/10 + (-504)/(-40).
11
Suppose -430 = 13*c - 23*c. Suppose 0 = 2*s - 2 - 2. Suppose 4*x - 3*m - 13 - 59 = 0, -x = s*m - 7. Calculate the remainder when c is divided by x.
13
Let o be 1/((4/(-8))/(1 + -3)). Suppose 70 - 15 = 5*u - 5*y, o*u + 2*y = 38. Calculate the remainder when 12 is divided by u.
2
Let d(c) = -2*c**3 + c**2 + 2*c - 2. Let f be d(1). What is the remainder when 217 is divided by f + 5 + 5*8?
41
Let b = 1072 + -957. What is the remainder when b is divided by 24?
19
Suppose 355*f = -5*u + 357*f + 82, -f = -4*u + 65. What is the remainder when 46 - (2 + -1)*1 is divided by u?
13
Let p = 1494 + -1477. Calculate the remainder when 116 is divided by p.
14
Let f = -7 - -10. Suppose 0 = -2*v - 0*v - 2, f*v = -3*p + 51. Let g(m) = -33*m**3 + m + 1. Calculate the remainder when g(-1) is divided by p.
15
Suppose 20*y - 15*y - 120 = 0. What is the remainder when 63 is divided by -2 - y/(-6 + 5)?
19
Let i = -250 - -361. Suppose 0 = -5*h + 5*k + 65, 5*k - 75 = 8*h - 13*h. Calculate the remainder when i is divided by h.
13
Let c = -3 + 36. Calculate the remainder when 61 is divided by c.
28
Suppose -2*t - 5 + 71 = 4*z, -t + 1 = 0. Let u = -124 - -185. What is the remainder when u is divided by z?
13
Suppose 4*i - 3*g + 24 - 98 = 0, 5*g = -5*i + 110. Let k = 143 - 104. What is the remainder when k is divided by i?
19
Let w(g) = -5*g**3 - 1. Let n be w(-2). Let y = -21 + n. What is the remainder when y is divided by 10?
8
Let l = 930 - 910. Calculate the remainder when l is divided by 11.
9
Suppose -5*w + u = -19, 2*w - 4*u - 18 = -u. Suppose -a = 3*d - 61, -w*d + 2*d = -5*a + 289. Let f = a - 31. Calculate the remainder when f is divided by 10.
7
Let p = 25 - 22. Suppose -5*x + 57 = y, x = -y + p*x + 64. Calculate the remainder when (0 - 2) + y/2 is divided by 6.
5
Let h = 106 - 103. Suppose 0 = -5*b + h*f + 431, 3*b + f - 261 = 4*f. Calculate the remainder when b is divided by 43.
42
Let a = 17 + -15. Suppose a*u = -2*u - 892. Calculate the remainder when 2/9 - u/9 is divided by 7.
4
Let c(t) = -261*t - 1. Let a be c(-1). Suppose g = -3*g + a. What is the remainder when g is divided by 22?
21
Let w be (1 - -3) + 4 + -5. Suppose -10 = 4*z - y - 44, 4*z - w*y - 30 = 0. Let b = z + 1. Calculate the remainder when b is divided by 3.
1
Suppose -2*y = -653 - 97. What is the remainder when y is divided by 66?
45
Suppose -4*z = -3*z + 4*y - 91, -5*z = 5*y - 395. Suppose -3*l = 3*l + l - 91. What is the remainder when z is divided by l?
10
Let b = -26 - -28. Suppose 3*j + 3*u = 114, -3*j - b*u + u + 106 = 0. Let k = 76 + 58. Calculate the remainder when k is divided by j.
32
Let j = -7 - -55. What is the remainder when j is divided by 3 + (128/24 + -5)*6?
3
Suppose -2*m = 3*o - 37, 0 = 4*m - 0*o + 5*o - 69. Let c be 66/(-10) + (-4)/10. Calculate the remainder when m is divided by c/((-49)/4)*7.
3
Let w = 1378 - 1042. What is the remainder when w is divided by 19?
13
Let y be (-2)/(-5)*(-5705)/(-7). Suppose 0 = -5*z + y - 21. Calculate the remainder when z is divided by 32.
29
What is the remainder when 75 is divided by -129*((-300)/36 - -8)?
32
Suppose p - 13 = -6. Suppose -16*j + p*j + 171 = 0. Calculate the remainder when j is divided by 8.
3
Let n = -1 - -4. Suppose -5*d + n*u = -62, 0*d + 2*u - 2 = -d. Suppose -3*i + 2*i + d = 0. What is the remainder when 37 is divided by i?
7
Let l(r) = r**2 - 20*r - 34. Calculate the remainder when 106 is divided by l(22).
6
Suppose 282*r - 285*r + 33 = 0. Calculate the remainder when ((-35)/1)/(-1 + 0) is divided by r.
2
Suppose -23*z - 2*z + 3525 = 0. Let x = 12 + 4. Calculate the remainder when z is divided by x.
13
Let g(l) = l**2 + 9*l + 10. Let v be g(-8). Suppose 51 = 5*x - p, x - v*p = -3*x + 42. Calculate the remainder when (-348)/(-18) + 4/(-3) is divided by x.
8
Let j = 37 + -37. Suppose j*n = -6*n + 66. What is the remainder when 31 is divided by (11 + -13)/((-2)/n)?
9
Suppose 518 = 4*w + 2*u, 0 = -4*w + 4*u + 514 + 22. Calculate the remainder when w is divided by 58.
15
Let j = -26 + 52. Let r = 390 + -404. Let i = r + j. What is the remainder when 47 is divided by i?
11
Let z(r) = 3*r**2 - 297. What is the remainder when z(-15) is divided by 95?
93
What is the remainder when 78/8*408/9 is divided by 12?
10
Suppose -5*t = -5*l + 295, -2*t - 291 + 45 = -4*l. What is the remainder when 231 is divided by l?
39
Suppose -80*w = -85*w + 30. Suppose -4*o + 6 = -74. Let c = o - w. What is the remainder when 26 is divided by c?
12
Suppose 80 = -3*k - 2*k. Let v be 1 - (k/1)/4. Suppose 0 = -5*t - v*a + 45, 5*a = 3*t + 9 - 4. Calculate the remainder when 12 is divided by t.
2
Let n = -24 + 64. Suppose 3*x - 16 = -4*h, 4*x - h - 13 = n. Calculate the remainder when 33 is divided by x.
9
What is the remainder when ((-4)/(2/(-1)))/((-8)/(-316)) is divided by 20?
19
Let s = 624 + -429. What is the remainder when s is divided by 99?
96
Suppose 4*i = 4*f + 40, -4*i + 8*f + 38 = 6*f. Calculate the remainder when 123 is divided by i.
6
Suppose -k + 10 = -5*j, 21 = 5*k - 5*j - 29. Calculate the remainder when 74 is divided by k.
4
What is the remainder when ((-6)/(-4))/(111/5254) + -3 is divided by 38?
30
Suppose 4*u = 5*i - 6, 3*i - 4*u - 2 = -0. Let x(d) = -i*d**2 - d - 24 + 2*d + 23 - 2*d**3 - 2*d**2. What is the remainder when 40 is divided by x(-3)?
12
What is the remainder when 44 is divided by -14 - -3 - -16 - -2*15?
9
Let k = 455 + -402. Calculate the remainder when 185 is divided by k.
26
What is the remainder when (-1022)/(-18) - 2/(-9) is divided by ((-11)/(11/34))/(-2)?
6
Let q = 65 - -28. Calculate the remainder when q is divided by 25.
18
Let t = -42 + 93. Let a(z) = -3*z**2 + 38*z - 6. Calculate the remainder when t is divided by a(12).
15
Let r(i) = -i**2 + i - 3. Let n be r(4). Calculate the remainder when 43 is divided by (-66)/(-4) - n/(-10).
13
Let w = 322 + -175. Calculate the remainder when w is divided by (-6)/(-27) + (-266)/(-18).
12
Let j be ((-1130)/4)/(6/(-12)). Suppose j = -0*g + 5*g. What is the remainder when g is divided by 29?
26
Let j = -27 + 58. Let s(p) = p**2 - 12*p. Let n be s(11). Let m = n - -22. Calculate the remainder when j is divided by m.
9
Let q(w) = -10*w**2 + 2*w - 39. Let y be q(5). Let v = -6 - y. What is the remainder when v is divided by 69?
66
Suppose -3*v + 3*g = 4*g - 181, 3*g - 183 = -3*v. Calculate the remainder when 116 is divided by v.
56
Let v(u) = 49*u. Suppose -52*i - 20 = -48*i, i - 187 = -2*h. Calculate the remainder when h is divided by v(1).
47
Suppose -5*f - 4*j + 2727 = 0, -8*f + 13*f - 5*j - 2700 = 0. What is the remainder when f is divided by 39?
36
Let o be (-403)/(-5) - (-2)/5. What is the remainder when o/6 + (-9)/6 is divided by (-7)/((1 - 0)*-1)?
5
Let x = -278 + 322. What is the remainder when 81 is divided by x?
37
Let l(y) = y**2 - y - 5. Suppose -2*f = -3*f - 68. Let i be (-3)/12 - f/16. Calculate the remainder when 19 is divided by l(i).
5
Calculate the remainder when (-4353)/(-27) - (-26)/(-117) is divided by 33.
29
Let h(g) = 96*g - 119. Calculate the remainder when h(9) is divided by 9.
7
Suppose 18*z - 983 - 1339 = 0. What is the remainder when z is divided by 19?
15
Let l(t) = 3*t**2 + t + 3. Let o(n) = n**3 + 11*n**2 + 16*n + 558. What is the remainder when l(3